{"id":65,"date":"2024-10-02T13:42:16","date_gmt":"2024-10-02T11:42:16","guid":{"rendered":"https:\/\/gardiscan.germie.eu\/?page_id=65"},"modified":"2024-10-02T14:00:18","modified_gmt":"2024-10-02T12:00:18","slug":"contact","status":"publish","type":"page","link":"https:\/\/gardiscan.germie.eu\/?page_id=65","title":{"rendered":"Contact"},"content":{"rendered":"\n<p class=\"has-text-align-center\">Vous avez un probl\u00e8me, rencontrez une difficult\u00e9 ou souhaitez des informations sur Gardiscan ? N&#8217;h\u00e9sitez pas \u00e0 nous contacter par t\u00e9l\u00e9phone au : 07 68 75 10 00 ou remplissez le forumulaire ci-dessous :<\/p>\n\n\n\n<div class=\"wp-block-columns are-vertically-aligned-center is-layout-flex wp-container-core-columns-is-layout-28f84493 wp-block-columns-is-layout-flex\">\n<div class=\"wp-block-column is-vertically-aligned-center is-layout-flow wp-block-column-is-layout-flow\" style=\"flex-basis:100%\">\n<iframe loading=\"lazy\" src=\"https:\/\/my.nativeforms.com\/cETlBnZy0jZmMDU0EXZx1Db\" width=\"100%\" height=\"1000\" frameborder=\"0\">\n<\/iframe>\n<\/div>\n<\/div>\n","protected":false},"excerpt":{"rendered":"<p>Vous avez un probl\u00e8me, rencontrez une difficult\u00e9 ou souhaitez des informations sur Gardiscan ? N&#8217;h\u00e9sitez pas \u00e0 nous contacter par t\u00e9l\u00e9phone au : 07 68 75 10 00 ou remplissez le forumulaire ci-dessous :<\/p>\n","protected":false},"author":1,"featured_media":0,"parent":0,"menu_order":0,"comment_status":"closed","ping_status":"closed","template":"","meta":{"footnotes":""},"class_list":["post-65","page","type-page","status-publish","hentry"],"_links":{"self":[{"href":"https:\/\/gardiscan.germie.eu\/index.php?rest_route=\/wp\/v2\/pages\/65","targetHints":{"allow":["GET"]}}],"collection":[{"href":"https:\/\/gardiscan.germie.eu\/index.php?rest_route=\/wp\/v2\/pages"}],"about":[{"href":"https:\/\/gardiscan.germie.eu\/index.php?rest_route=\/wp\/v2\/types\/page"}],"author":[{"embeddable":true,"href":"https:\/\/gardiscan.germie.eu\/index.php?rest_route=\/wp\/v2\/users\/1"}],"replies":[{"embeddable":true,"href":"https:\/\/gardiscan.germie.eu\/index.php?rest_route=%2Fwp%2Fv2%2Fcomments&post=65"}],"version-history":[{"count":13,"href":"https:\/\/gardiscan.germie.eu\/index.php?rest_route=\/wp\/v2\/pages\/65\/revisions"}],"predecessor-version":[{"id":79,"href":"https:\/\/gardiscan.germie.eu\/index.php?rest_route=\/wp\/v2\/pages\/65\/revisions\/79"}],"wp:attachment":[{"href":"https:\/\/gardiscan.germie.eu\/index.php?rest_route=%2Fwp%2Fv2%2Fmedia&parent=65"}],"curies":[{"name":"wp","href":"https:\/\/api.w.org\/{rel}","templated":true}]}}